= -11*r - 21. Suppose -10*q - 19 = 1. Let m be s(q). What is the greatest common divisor of m and 1?
1
Let m(c) = -11*c - 34. Suppose -5*o + t - 31 = 0, 3*o + t = 7 - 24. Let i be m(o). Calculate the greatest common divisor of 96 and i.
32
Suppose 0 = -2*v + 6*v + 292. Let z = -33 - v. What is the highest common divisor of 10 and z?
10
Let p(j) = -j**3 - 9*j**2 + 17*j + 59. Let u be p(-11). What is the highest common divisor of u and 54?
6
Let x = -253 - -279. Calculate the highest common divisor of x and 13.
13
Let u = -752 - -1002. What is the greatest common factor of u and 175?
25
Let d(f) = f**3 - 5 + 6*f**2 - 10*f - 5 - 16*f**2 + 2. Let p be d(11). Suppose p*h = 27 + 24. What is the highest common factor of h and 85?
17
Suppose -25 = -5*n - 2*k, 3*n - 18 + 3 = -4*k. Let z be (1*12)/(1 + 0). Let y be (8/n)/(z/30). Calculate the greatest common divisor of y and 12.
4
Let f be ((-90)/4)/(5/40*-3). Suppose 80 = 5*v - f. Calculate the greatest common factor of 12 and v.
4
Suppose 0 = 5*m - 68 - 27. Let b be (-6)/(-24) - m/(-4). Calculate the greatest common divisor of 55 and b.
5
Suppose -4*w + 22 = 3*t - 9, -w + 19 = 3*t. Suppose 4*l - t*p = 134, -4*l + 186 = l + 3*p. What is the greatest common divisor of 324 and l?
36
Let a(q) = -93*q + 61. Let k be a(-2). What is the greatest common divisor of 13 and k?
13
Let j be (-1)/(-3) - (-2600)/39. Let t = j + -39. What is the greatest common divisor of t and 252?
28
Let i(w) = 6*w**2 + w + 1. Let u be i(-1). Let v = 722 - 698. What is the greatest common divisor of v and u?
6
Let h = 690 - 398. What is the highest common divisor of 803 and h?
73
Suppose 3*q + 5*w - 63 = 0, 5*q = -11*w + 8*w + 89. Let n(f) = -f**3 - 5*f**2 - 3*f - 7. Let h be n(-7). Calculate the greatest common divisor of h and q.
16
Let q = 274 + -258. What is the greatest common factor of q and 96?
16
Suppose 0 = 5*t - 2 + 12. Let n(b) = 2*b**2 + b. Let f be n(t). Suppose -11*v + 15*v = 240. Calculate the greatest common divisor of v and f.
6
Suppose 0 = 9*q - 527 - 67. Calculate the greatest common factor of q and 165.
33
Let v be 16 - 10/((-110)/99). Let o(a) = 8*a - 13. Let m be o(11). What is the greatest common factor of m and v?
25
Let w = -10 - -16. Suppose 3*t = 2*v + 37, -3*t - 4 = -3*v - 37. Calculate the greatest common factor of t and w.
3
Suppose h - 4*h - 54 = 0. Let n be (-3 - -2)/(2/h). Suppose n = r - 11. Calculate the greatest common factor of r and 4.
4
Suppose 2715 = 40*x - 5. Calculate the highest common factor of x and 8.
4
Suppose c = 3*a + 12, -5*c + a + 108 = 2*a. Let w = -137 + 221. Calculate the highest common divisor of c and w.
21
Let u(k) = -4*k + 11. Let v be u(-5). Calculate the greatest common divisor of 341 and v.
31
Let h be (20/(-40))/(1/12). Let f(q) = -q + 4. Let v be f(h). What is the greatest common factor of v and 50?
10
Let w = -38 + 52. Suppose 31 = w*h - 305. Calculate the greatest common divisor of h and 30.
6
Let a = 435 - 414. Calculate the highest common factor of 14 and a.
7
Suppose -4*j = j + 80. Let x be -2 - 1 - (14 + -15) - 4. Let y = x - j. What is the highest common divisor of 40 and y?
10
Suppose 5*i - 45 = -2*a, -4*i + 2*a - a + 49 = 0. What is the greatest common divisor of 2 and i?
1
Let g be (-27)/(-5)*(-290)/(-87). Calculate the highest common factor of 18 and g.
18
Suppose -17*r + 408 - 136 = 0. What is the greatest common divisor of 1424 and r?
16
Suppose 5*c = -4*m + 193 - 33, -2*c + 80 = 2*m. Let n(z) = z - 6. Let k be n(5). Let a be k/(-7) - 275/(-35). Calculate the greatest common divisor of m and a.
8
Let c(h) = h**3 + 7*h**2 + 5*h - 3. Let s be (-16)/(-12) + (-1)/3 + -6. Let m be c(s). What is the highest common divisor of 110 and m?
22
Let b(u) = 6*u**2 - u. Let m be b(-1). Let f(z) = z + 5. Let d be f(-9). Let y be 42/d*60/(-10). What is the greatest common divisor of y and m?
7
Let w = 32 - 25. Suppose -9 = -3*s + 5*u, w*u = 5*s + 3*u - 2. Let t be s/9 + 1104/108. What is the highest common divisor of 2 and t?
2
Let c = 301 + -141. What is the highest common factor of c and 400?
80
Suppose 4*h - 665 = -645. Let m = -76 + 131. Calculate the greatest common factor of m and h.
5
Let c(x) = 8 - 382*x + 381*x + 0. Let k be c(0). What is the greatest common factor of 72 and k?
8
Let w = -1627 + 2140. What is the highest common factor of w and 36?
9
Let d be (-315)/(-30)*178/3. Suppose -d = -4*z - 3*s + 8, 2*z - s = 323. Calculate the highest common divisor of 32 and z.
32
Let y be ((-3)/(-3 + 9))/((-1)/282). Let c = -77 + y. Calculate the greatest common divisor of 160 and c.
32
Let c(y) = 9*y - 1. Let h(t) = 17*t - 2. Let k(r) = 13*c(r) - 6*h(r). Let w be k(1). Let u = -68 - -222. What is the highest common divisor of w and u?
14
Let l be 2*(-2)/(-5)*350/70. What is the highest common divisor of l and 268?
4
Let h(c) = 20*c - 139. Let f be h(14). Calculate the greatest common factor of f and 94.
47
Let u(y) = 16*y - 140. Let h be u(9). What is the greatest common factor of h and 13?
1
Let o(n) = 3*n - 1. Let l be o(2). Let b(h) = 6*h - 5. Let s be b(l). Let t be (5/8)/(-1 - 135/(-120)). Calculate the greatest common factor of s and t.
5
Let a be 10/5*(3 + -4). Let s be a - 48/(-27) - 724/(-18). Calculate the highest common factor of 16 and s.
8
Let d(s) = s + 5. Let b be d(4). Suppose -6*u - 6 = -b*u. Let c be 3*u + 7 + -5. What is the greatest common factor of 56 and c?
8
Suppose -s + 34 = -4*b, -s - b + 10 = b. Let c be 2/12 + 303/s. What is the highest common factor of c and 17?
17
Let z(a) = 37*a**2 + 1. Let t be z(-1). Let h = t + 12. Let g = h - 30. What is the highest common divisor of g and 10?
10
Let z(h) = -h**3 - h**2 + 3. Let p be z(0). Suppose p*t - 8 = 2*t. Suppose 2*f - 160 = -2*f. Calculate the highest common divisor of t and f.
8
Let x(b) = -b**2 - 4*b. Let f = 8 - 11. Let l be x(f). Suppose 3*g + 5*k = 55, 3*g - l*k + 0*k - 15 = 0. Calculate the greatest common factor of 50 and g.
10
Let t be 9 + 0 - (-2 + 1). Let q = 259 - 126. Let x = q - 103. Calculate the highest common divisor of x and t.
10
Let x(k) = -k**2 + 5. Suppose 2*b + 13 = 3*j, 0 = -3*b - 3*j + 3 - 0. Let p be x(b). What is the highest common divisor of p and 5?
1
Let p be -6 - -10 - (2 + -45). Suppose 52*c = p*c + 315. What is the highest common factor of 9 and c?
9
Let z(h) = 14*h + 2. Let q(j) = 7*j - 18*j + 14 + j**2 - j**3 - 14*j**2. Let m be q(-12). Let i be z(m). What is the highest common factor of i and 10?
10
Suppose 22 - 121 = -9*c. Let u be (-2)/c - ((-435)/33 + 0). Calculate the greatest common factor of 39 and u.
13
Suppose 4*i = -2*g - 366, -5*i + i = 4*g + 368. Let k = -61 - i. What is the highest common divisor of 15 and k?
15
Let q be 246/21 - 2/(-7). Let f(c) = -c**3 + 7*c**2 - 5*c - 7. Let j be f(5). What is the greatest common divisor of q and j?
6
Let j(b) = b**2 + 48*b + 578. Let g be j(-30). Suppose -3*v = -5*t + 300, 3*t - 3*v - 186 = -0*v. Calculate the highest common factor of g and t.
19
Suppose -35*j + 1053 = 423. What is the highest common divisor of 126 and j?
18
Let w be (-3 + 1)/(12/126). Let s be (-6)/w + 130/35. Let m(z) = 2*z**3 - 3*z**2 - 5*z + 6. Let x be m(s). What is the highest common divisor of x and 11?
11
Let c(r) = -r**3 - 9*r**2 - 11*r - 6. Let q be c(-7). Let m = q - -37. Suppose 0 = 7*t - 2*t - 75. Calculate the highest common divisor of m and t.
5
Let m(k) = 5*k + 50. Let z be m(-4). Calculate the greatest common factor of 310 and z.
10
Suppose -406 - 1814 = -5*g. Calculate the greatest common factor of g and 12.
12
Let h(z) = 8*z + 104. Let k be h(-8). Calculate the greatest common divisor of k and 120.
40
Suppose -2*u + 3 = -5*u. Let i = u - -4. Suppose 2*o + 99 = 105. What is the greatest common factor of i and o?
3
Let p(q) = 33*q + 329. Let w be p(23). What is the highest common divisor of 34 and w?
34
Suppose -4*u = -6*u. Suppose 5*m - 135 = 2*z - u*z, 0 = 4*m - 2*z - 110. Suppose q - 23 = 52. What is the greatest common factor of q and m?
25
Let b(k) = 2*k - 20. Let y be (-5)/2*392/(-70). Let s be b(y). Let t be ((-1)/(-2) - 1)*-4. What is the greatest common factor of s and t?
2
Suppose -3*s + s + 38 = 3*d, 0 = -5*s - 10. Suppose 5*r = d + 56. What is the greatest common factor of r and 14?
14
Suppose 32*g = 39*g - 406. 